 - -512103?
512020
In base 11, what is 3 + -3380a962?
-3380a95a
In base 4, what is -1010330021222 + 3?
-1010330021213
In base 9, what is 5123 - 701?
4322
In base 16, what is -2 - 42c8d6?
-42c8d8
In base 8, what is -224 - 13327?
-13553
In base 16, what is 117b7 + 993?
1214a
In base 6, what is 11325124 - -205?
11325333
In base 13, what is 14b + 289021?
28916c
In base 9, what is 150 - 24162?
-24012
In base 9, what is 56575681 + 1?
56575682
In base 8, what is -6 - -135051645?
135051637
In base 13, what is -2 + 1009ba60?
1009ba5b
In base 5, what is -131241142 - -1214?
-131234423
In base 11, what is -18a582 - -1322?
-189260
In base 2, what is 10 + -1111100111101000011110110?
-1111100111101000011110100
In base 9, what is 3320 + 30668?
34088
In base 8, what is 3052274250 - 1?
3052274247
In base 16, what is 117db4b + 8?
117db53
In base 15, what is 1037ea00 + -2?
1037e9ed
In base 2, what is 10011111010001010000000110 - 100?
10011111010001010000000010
In base 8, what is -2452401 - -114?
-2452265
In base 12, what is -4b931382 + 4?
-4b93137a
In base 10, what is 0 - -363865784?
363865784
In base 10, what is 0 - -32442126?
32442126
In base 15, what is -17903 + 3bd2?
-13c21
In base 6, what is -5 + 2013254340?
2013254331
In base 8, what is 2664 + 16770?
21654
In base 3, what is -1211 - -20222121112?
20222112201
In base 14, what is -2 - 55212c9?
-55212cb
In base 2, what is -1001000010111 + -1011101000000?
-10100101010111
In base 14, what is 13bb0 - -14d?
13d1d
In base 5, what is -1410141 - 13?
-1410204
In base 2, what is -10111111101111100111011 + -1?
-10111111101111100111100
In base 4, what is 10230 - -11002333012?
11003003302
In base 7, what is 2 - 31433262?
-31433260
In base 11, what is a7021 - -153?
a7174
In base 6, what is 100115215512 - -2?
100115215514
In base 11, what is 15 + -225054a5?
-22505490
In base 2, what is -11110 + 101001010011100011?
101001010011000101
In base 16, what is -3dcd - -153?
-3c7a
In base 2, what is -110011101011011101 + 100000001?
-110011100111011100
In base 13, what is 39 - -c522c?
c5268
In base 15, what is -1 + -1a1d78?
-1a1d79
In base 15, what is -171 - 1009?
-117a
In base 5, what is 4204221122 - 3?
4204221114
In base 14, what is -dc + -644?
-742
In base 11, what is 5 + -849477a?
-8494775
In base 2, what is -1110100011001110 - 10100101?
-1110100101110011
In base 13, what is 0 - -104a83b5?
104a83b5
In base 3, what is 1220122 + 11100022?
20020221
In base 16, what is 2b696 - 3?
2b693
In base 12, what is 1 - 1777b348?
-1777b347
In base 6, what is 1015121 + 154211?
1213332
In base 8, what is -15 - -110074?
110057
In base 11, what is 3 - -13376874?
13376877
In base 12, what is 95 + 61aa74?
61ab49
In base 6, what is 104 - 12244320?
-12244212
In base 11, what is -3 - 1347219?
-1347221
In base 12, what is -6b5 - 5427?
-5b20
In base 7, what is 16 + -10550535?
-10550516
In base 9, what is -64857 + -150?
-65117
In base 9, what is -6 + 11445765?
11445758
In base 4, what is 3001 - 31133102?
-31130101
In base 4, what is 3210 - -100232201?
100302011
In base 14, what is 5 - 9751c0?
-9751b9
In base 16, what is -1 + -a31629?
-a3162a
In base 15, what is -bda - -1dd0?
11e5
In base 2, what is 11111101110000010110110111 - 100?
11111101110000010110110011
In base 10, what is 43680 + 5563?
49243
In base 5, what is 221004432410 - 2?
221004432403
In base 15, what is -1d + -549143?
-549161
In base 12, what is -1008 + 114a6?
1049a
In base 11, what is 103992445 + 2?
103992447
In base 15, what is 63a15 + 1d2?
63be7
In base 16, what is 3508 + f1?
35f9
In base 12, what is a + -3ab8129a?
-3ab81290
In base 5, what is 434004 - -4402?
443411
In base 5, what is -24 - 1402123334?
-1402123413
In base 13, what is 40b508 + -3?
40b505
In base 12, what is 10a - -532851?
53295b
In base 6, what is 0 - -1014514305?
1014514305
In base 8, what is 27 - 50471254?
-50471225
In base 12, what is -86a27 + -30?
-86a57
In base 6, what is -5 + -40545125255?
-40545125304
In base 10, what is 68 + 176994?
177062
In base 12, what is -6230 - -a63?
-5389
In base 7, what is 10 - 15412531?
-15412521
In base 14, what is -172 - 319623?
-319795
In base 7, what is 663306 - -130?
663436
In base 16, what is -100fb - 307?
-10402
In base 13, what is -138 - 3a16a9?
-3a1814
In base 12, what is -1b4 - -519a4?
517b0
In base 10, what is 0 - -22461344?
22461344
In base 8, what is -46042 + -43536?
-111600
In base 12, what is -265 + 8943a8?
894143
In base 8, what is -230252 - 4004?
-234256
In base 8, what is 14446 + -1267?
13157
In base 6, what is -10001151 + 2052?
-5555055
In base 10, what is 41161 + 2183?
43344
In base 2, what is 11100000110111 - -1110101?
11100010101100
In base 9, what is 1 + -17602315?
-17602314
In base 10, what is 3 + 2170305?
2170308
In base 8, what is 141745 + -4404?
135341
In base 13, what is -4 - 1082c51?
-1082c55
In base 12, what is -25418 - -1736?
-238a2
In base 14, what is -11258 + 311?
-10d47
In base 8, what is -36 - 24032574?
-24032632
In base 4, what is -112303133 + 21202?
-112221331
In base 12, what is -293a9 - -94?
-29315
In base 13, what is 5 - -1b161912?
1b161917
In base 12, what is 6b58 + -1b0a?
504a
In base 14, what is -1db6a5 + -1?
-1db6a6
In base 16, what is -7d7c14 + 0?
-7d7c14
In base 2, what is -1011100 - 10100000100001110010?
-10100000100011001110
In base 14, what is -5 - 81da0a1?
-81da0a6
In base 7, what is 542 - -2124505?
2125350
In base 6, what is -223541 - 1035041?
-1303022
In base 2, what is 1 + -100110011011100010010110011?
-100110011011100010010110010
In base 16, what is b47 - 123ed?
-118a6
In base 11, what is 5085600 + -5?
50855a6
In base 7, what is -156123 + -25?
-156151
In base 14, what is -14a189 - 1bd?
-14a368
In base 3, what is -110112211201220 + -101202?
-110112212010122
In base 13, what is -c5462 - 23a0?
-c7832
In base 13, what is -a27 - 6198?
-6bc2
In base 6, what is 3 - -24415012?
24415015
In base 6, what is 414 - -223423?
224241
In base 8, what is 34365 + -6231?
26134
In base 4, what is -103130132202 + -220?
-103130133022
In base 15, what is -4 + -1aaecea?
-1aaecee
In base 13, what is 192b86 + -13?
192b73
In base 15, what is -79 - -3378a?
33711
In base 15, what is 21040e - ee?
210310
In base 2, what is -111010001 + 111101110000000010110?
111101101111001000101
In base 4, what is 300 + -13232321222?
-13232320322
In base 8, what is -5 - 252505653?
-252505660
In base 12, what is 2a6 + -5a02?
-5718
In base 11, what is -421903 + 56?
-421858
In base 5, what is 401 + 2101242204?
2101243110
In base 13, what is c9 + -4acc37?
-4acb3b
In base 15, what is -114d39 - -1?
-114d38
In base 14, what is 136 - -da87?
dbbd
In base 16, what is -f95737 + -1?
-f95738
In base 8, what is 375 - -165130?
165525
In base 16, what is 2 - 1f8b51?
-1f8b4f
In base 9, what is -77 + 38788?
38711
In base 15, what is -a3b54c7e + -5?
-a3b54c84
In base 8, what is 100225 - 5436?
72567
In base 5, what is 330 - 22000440?
-22000110
In base 9, what is 34 + -7417400?
-7417355
In base 13, what is 3339 + 36c0?
6a29
In base 4, what is 1013 + -311321021?
-311320002
In base 13, what is 8193 - -35?
81c8
In base 6, what is -44304304 + -3241?
-44311545
In base 3, what is 120222012100201221 + 12?
120222012100202010
In base 7, what is -1 - -144215533?
144215532
In base 5, what is 1010 - -20012310?
20013320
In base 12, what is 4 + 2732a6?
2732aa
In base 12, what is 10bb2732 + 16?
10bb2748
In base 5, what is -12023 - 4210124?
-4222202
In base 6, what is -2013021 - 24153?
-2041214
In base 7, what is -135445 - -16?
-135426
In base 15, what is 5c - -10497?
10504
In base 2, what is -101101111011111111 - 11000101011?
-101110010100101010
In base 4, what is -2232311 + 221322?
-2010323
In base 10, what is -50582795 - -7?
-50582788
In base 8, what is 21 + -5201653?
-5201632
In base 11, what is -21a60573 - -4?
-21a6056a
In base 5, what is 40344 - -31241302?
31332201
In base 10, what is -138212434 + -2?
-138212436
In base 6, what is -1 - -150310515?
150310514
In base 10, what is -14622 - -614?
-14008
In base 5, what is 4 + 1202123210?
1202123214
In base 13, what is -3cc4 + -1471?
-5465
In base 16, what is 39adc7 + 4?
39adcb
In base 7, what is 36156 + 206031?
245220
In base 14, what is a88 + -41574?
-408ca
In base 5, what is -42402 - -14243440?
14201033
In base 6, what is 15320 + 4112?
23432
In base 4, what is -12